e ((-8)/(-5))/(6/15). Suppose 7*q = s*q + 6. What are the prime factors of q?
2
Let x be (-66)/(-7 + 4) + 1. Let y = x + -17. List the prime factors of y.
2, 3
Suppose 126 = -4*q + 34. Let a = q - -38. What are the prime factors of a?
3, 5
Let c(f) = -f**3 - 11*f**2 + 8*f - 3. Suppose 5*d - i - 21 + 83 = 0, 5*i + 2 = -d. List the prime factors of c(d).
3, 5
Let g(c) = -c**2 - 7*c + 3. Let f be g(-6). Let n = 5 - f. Let o = 1 - n. List the prime factors of o.
5
Suppose n - 6*n = -60. What are the prime factors of n?
2, 3
Let b(m) = -3*m**2 + 11*m + 4. Let s be b(8). List the prime factors of s/(-6) + (-7)/(-21).
17
Let w = -6 + 9. Suppose 0 = -4*b + w*b + 22. What are the prime factors of b?
2, 11
Suppose 3*q = -1 - 17. Let w(i) = 6*i**3 - 11*i + 4. Let o(z) = -z**3 + z**2 + z. Let a(h) = 5*o(h) + w(h). List the prime factors of a(q).
2
Suppose -u = -2*u - 58. Let w = -33 - u. What are the prime factors of w/10*28/5?
2, 7
Let n(k) = -k**2 + 2*k - 3. Let y(l) = l**2 - 2*l - 1. Let j be y(3). Let g be n(j). List the prime factors of g/9*(-1 - 8).
3
Let d(w) = -2*w**3 - 2*w**2 - 2*w + 1. Let k = 19 + -21. What are the prime factors of d(k)?
13
Let m(g) be the first derivative of g**3/3 + 9*g**2/2 + 5*g + 2. Let z be m(-9). List the prime factors of 237/15 - (-1)/z.
2
Let x be 3/((-1)/(-9)*3). Suppose 5 = m - x. What are the prime factors of m?
2, 7
Let x(p) = -p + 15. Suppose b + 3*t + 16 = 2*b, 0 = 4*b - 2*t - 24. Let y = 8 + b. What are the prime factors of x(y)?
3
Let o(i) = -6*i - 37. What are the prime factors of o(-16)?
59
Suppose -2*w + 10 = -3*s, -6 = -2*w + 4*w + 5*s. Suppose w*b + 2*b - 48 = 0. What are the prime factors of b?
2, 3
Suppose 4*n - 306 = -p, 5*n - 3*p - 113 = 261. What are the prime factors of n?
2, 19
Let m be 1/5 - (-2)/(-10). Suppose 0 = f - m*f - 7. List the prime factors of f.
7
Let a = 5 - -34. Let l = a - 15. List the prime factors of l.
2, 3
Let t be -3*(2 - 8/3). What are the prime factors of 2 - (0/t + -16)?
2, 3
Suppose 5*h - 87 = 2*h. List the prime factors of h.
29
Suppose 0 = 2*z - 50 + 8. Suppose 6 = 2*y, -3*q + y + z = -0*y. Suppose 3*s - 26 = -q. What are the prime factors of s?
2, 3
Let h = 5 + -1. Suppose 4 = 2*z + 4*f, 4*z - 3*f = -h*f + 36. What are the prime factors of z?
2, 5
Suppose -98 = -2*n + 36. List the prime factors of n.
67
Suppose 4*l - 72 - 16 = 0. What are the prime factors of l?
2, 11
Let c be (2/2)/((-15)/(-45)). Suppose -19 + c = -f. What are the prime factors of f?
2
Let r be (-4)/14 - (-270)/14. Suppose -3*a + 11 = -r. What are the prime factors of a?
2, 5
Let c(j) = 3*j**2 + 5*j - 1. List the prime factors of c(5).
3, 11
Suppose 3*b + 64 = 6*b - 2*v, 8 = b - 4*v. List the prime factors of b.
2, 3
Suppose 0 = s - 45 - 39. Suppose -s - 14 = -4*v + 2*l, 5*l = 4*v - 113. What are the prime factors of v?
2, 11
Let u(s) be the second derivative of -1/2*s**2 - 3*s + 0 + 2*s**3. List the prime factors of u(1).
11
Suppose 3*n - 20 = -n. Suppose n*g + 215 = 10*g. List the prime factors of g.
43
Suppose o = -5*p - 6, 5*o - 3*o - 3*p - 27 = 0. Let h = 11 - o. What are the prime factors of h?
2
Suppose 2*n - 3*g = -119, n - 3*g + 43 + 21 = 0. Let r = 86 + n. List the prime factors of r.
31
Suppose 0 = -7*h + 28 + 14. List the prime factors of h.
2, 3
Let b(f) be the second derivative of f**4/12 + 4*f**3/3 + 9*f**2/2 + f. List the prime factors of b(-7).
2
Let h(l) = 6*l**2 + l - 5. Let w(p) = p**2. Let s(x) = h(x) - 5*w(x). Let a(b) = b**3 - 2*b**2 - b - 2. Let k be a(3). List the prime factors of s(k).
3, 5
Let z = -11 - -36. Suppose -z = -y - 4*y. What are the prime factors of y?
5
Suppose s + 2*k = 54, 3*k - 116 + 376 = 4*s. What are the prime factors of s?
2, 31
Let r be (-1 - 0)/(1/9). Let s = -5 - r. List the prime factors of s.
2
Suppose 5*k = 184 - 64. Let h = k + -11. What are the prime factors of h?
13
Let u(j) = -j**3 - 4*j**2 - j - 1. Let r be u(-4). Let n = 6 - r. Suppose k + 4*v - 4 = -3*k, n*k - 11 = v. List the prime factors of k.
3
What are the prime factors of 2/3 + (-57)/(-9)?
7
Let l be (-4 - (-6)/2)*-2. Suppose -s = -l*s. Suppose s = 2*g - 24. What are the prime factors of g?
2, 3
Let c(f) = 27*f**2 + f + 2. What are the prime factors of c(2)?
2, 7
Let l = -6 + 2. Let g be (-52)/(-5) - l/(-10). Suppose 2*v + m - 17 - 11 = 0, -g = -5*m. What are the prime factors of v?
13
Let x(n) = n**3 + n**2 - n + 33. List the prime factors of x(0).
3, 11
Suppose -3*a + 12 - 9 = 0. List the prime factors of 280/32 - a/(-4).
3
Suppose 0*c = -4*c - 28. Let l = c - -11. List the prime factors of l.
2
Let g = 108 - -5. List the prime factors of g.
113
Let f(g) = -g - 3. Let y be f(-3). List the prime factors of 3 + 11 + (0 - y).
2, 7
What are the prime factors of 744/5 + (-64)/80?
2, 37
Let i be 3*((-39)/(-9) - 1). Let j = 16 - i. Let f = j + 6. List the prime factors of f.
2, 3
Let b(c) = 2*c**3 + 0*c**2 - 2*c**2 - c**2. Let d be b(2). Suppose -4*j + 72 = -n - d*n, -5*j + 5*n + 85 = 0. What are the prime factors of j?
13
Suppose 0 = -6*h - h + 987. What are the prime factors of h?
3, 47
Let b be (-1)/(-1) + (-1 - 6). Let k be (-3)/((1 - -1)/b). Suppose -3*l + 4*l - 1 = u, -u = -3*l + k. List the prime factors of u.
3
Let s = 36 - 90. Let d = -4 - s. List the prime factors of d.
2, 5
Let g = -9 - -5. Let h be (-69)/12 - (-1)/g. List the prime factors of (0 + -1)/(1/h).
2, 3
Suppose -3*p = -3 - 24. What are the prime factors of p?
3
Let g = 307 - 108. What are the prime factors of g?
199
Suppose -2*k = -3*p - 69, -k - 3*p + 126 = 2*k. List the prime factors of k.
3, 13
Suppose 4*z = -g + 3, -5*z + 2*g - 4 = 2. Suppose u + j - 4 = z, 2*u + 1 = 4*j + 9. Suppose 5*x = 4*x + i - 3, 0 = 5*x + u*i - 30. List the prime factors of x.
2
Suppose -f = 36 - 167. List the prime factors of f.
131
Let r(f) = f**3 - 5*f**2 - 5*f - 3. Let l be r(6). Let a be (l + 2)*16/10. Suppose -a - 27 = -5*t. What are the prime factors of t?
7
What are the prime factors of (-8 + 11)/((-1)/(-35))?
3, 5, 7
Suppose -4*m + 9 = -3*m. Let y(o) = o**3 - 8*o**2 - 10*o + 11. Let r be y(m). Suppose r*p = p + 9. List the prime factors of p.
3
Let r(f) = f**2 + f - 1. Let s be r(-2). Suppose 2 = m + s. List the prime factors of 3*(-6)/((-2)/m).
3
Let y = -237 + 340. What are the prime factors of y?
103
Let q(x) = -105*x + 5. List the prime factors of q(-1).
2, 5, 11
Suppose -6*j = -3*j - 5*k - 6, 5*j - 10 = 4*k. Let h(z) = -5*z + 2*z**j + 4 - z + z. List the prime factors of h(3).
7
Let a = 8 - 12. Let z(r) = -1 - 4*r**2 - 2*r + 2 + 2*r**3 - 3*r**3. What are the prime factors of z(a)?
3
Let n be (4/(-6))/(4/(-66)). Suppose 0 = 4*b + 8, 4*b + 43 = -5*d. Let s = d + n. What are the prime factors of s?
2
Let m be (-78)/5 + (-8)/20. Let y = m + 24. List the prime factors of y.
2
Suppose -2*m + 0 + 4 = 0. Suppose 12 = 5*h - m*h. Suppose -j = h*j - 55. What are the prime factors of j?
11
Let s be (1 - (-10)/14)*7. Suppose 38 + s = 2*k. What are the prime factors of k?
5
Suppose 5*m = 4*s - 61, 0 = -m + 2*m + 4*s - 7. Let p = 7 + -4. List the prime factors of p/m - (-56)/6.
3
Suppose 2*m + 4 + 4 = -2*n, 5 = -2*m - n. Let h(s) = -15*s**3 + 1. What are the prime factors of h(m)?
2
Let c(t) = t**2 - 6*t - 2. Let w be c(7). Suppose j + 199 = w*q + 5*j, 0 = 3*q + j - 125. Suppose q = 4*i - 13. List the prime factors of i.
2, 7
Let g(u) = -4*u + 12. List the prime factors of g(-5).
2
Suppose -1 = 3*v - 16. Suppose -v*m = 3*u - 188, 5*u = -15 - 5. What are the prime factors of m?
2, 5
Let v = 26 + -63. Let l = -21 - v. List the prime factors of l.
2
Let v = -12 - -6. Suppose -18 = 3*f - 3*k, -k = 4*f + k + 6. List the prime factors of 9*f/v*2.
3
Let h = 52 + 76. What are the prime factors of h?
2
Let g = 47 + -20. What are the prime factors of g?
3
Suppose 5*u + 0*u - 55 = 0. Let x = -1 + u. What are the prime factors of x?
2, 5
Let i be (3 - -2) + 0/2. Suppose 5*k + 3*n = k - 13, i*k = -2*n - 25. Let a = k - -17. List the prime factors of a.
2, 5
List the prime factors of (-24309)/(-90) - (-3)/(-30).
2, 3, 5
Let k = 4 + -2. Suppose -5*r + 5*o = -22 - 8, 0 = 5*r - k*o - 27. Suppose -3*y = 2*t - 7, -r = -0*t - 2*t - y. What are the prime factors of t?
2
Let n be 99/2*(-12)/(-9). Suppose -r + 14 = -n. Suppose -f = 4*f - r. List the prime factors of